841458.
202
Calculate the greatest common factor of 457721664 and 288.
96
What is the greatest common factor of 29 and 1379708?
1
What is the highest common divisor of 84254 and 161146?
818
Calculate the highest common factor of 10605 and 5041617.
2121
What is the greatest common factor of 598245791 and 22?
11
What is the highest common factor of 2789337 and 318?
159
What is the greatest common factor of 12992 and 58609?
29
Calculate the highest common factor of 9255 and 39774905.
3085
What is the highest common divisor of 24903588 and 12?
12
Calculate the highest common divisor of 330 and 3200040.
30
What is the greatest common factor of 765 and 263319885?
765
What is the greatest common divisor of 2241 and 837?
27
What is the highest common divisor of 157410 and 412022?
106
What is the highest common factor of 88 and 686056?
8
What is the highest common divisor of 24288730 and 13700?
1370
What is the greatest common factor of 583934 and 40811?
37
What is the highest common factor of 4908 and 9312?
12
What is the greatest common divisor of 1029883904 and 133?
133
What is the greatest common divisor of 4898329 and 3179?
17
Calculate the greatest common divisor of 1542079 and 18095.
77
What is the greatest common factor of 9438 and 1096953?
429
Calculate the highest common divisor of 1791 and 53350109.
199
What is the greatest common divisor of 2768870 and 208?
26
Calculate the greatest common factor of 3480 and 3901776.
696
Calculate the greatest common divisor of 10 and 148263890.
10
What is the highest common factor of 272061 and 61568?
37
What is the highest common divisor of 86 and 3653218?
2
Calculate the highest common divisor of 1694 and 46308878.
1694
Calculate the highest common factor of 391 and 782629.
17
Calculate the highest common divisor of 19558926 and 288.
18
Calculate the highest common factor of 152 and 161392916.
76
What is the highest common divisor of 9644556 and 1548?
516
Calculate the highest common factor of 1396 and 1372328.
4
What is the greatest common factor of 522 and 574018083?
261
Calculate the greatest common factor of 834 and 13527758.
278
What is the greatest common divisor of 1735 and 2985935?
1735
What is the greatest common divisor of 24 and 37167756?
12
What is the greatest common factor of 137 and 9372033?
137
Calculate the greatest common factor of 52077311 and 605.
121
Calculate the highest common factor of 6231 and 63953.
31
What is the highest common factor of 29113601 and 14795?
2959
What is the highest common divisor of 13759804 and 580?
116
What is the greatest common factor of 437631315 and 4785?
4785
What is the greatest common divisor of 23020590 and 570?
570
What is the greatest common divisor of 377800 and 25700?
100
Calculate the greatest common factor of 2295 and 60696.
27
Calculate the greatest common factor of 431709007 and 9879.
3293
What is the greatest common factor of 94902 and 2562?
6
What is the greatest common factor of 17412 and 67092?
12
What is the greatest common divisor of 114841 and 16277?
41
Calculate the highest common divisor of 81 and 10696833.
27
What is the greatest common divisor of 339947038 and 2116?
1058
What is the greatest common divisor of 976809 and 9234?
57
Calculate the highest common factor of 3113 and 739054217.
3113
What is the greatest common divisor of 3744 and 26939016?
936
What is the greatest common divisor of 45256 and 27708?
4
Calculate the highest common divisor of 21791 and 247583399.
1981
What is the greatest common divisor of 52100 and 179?
1
What is the highest common divisor of 388 and 1939358?
2
Calculate the highest common factor of 102736159 and 172.
43
Calculate the greatest common divisor of 101049 and 12792.
39
Calculate the greatest common factor of 252 and 44653266.
126
Calculate the highest common factor of 39084374 and 34182.
422
What is the highest common divisor of 119510 and 22570?
370
What is the greatest common divisor of 939026 and 484?
22
Calculate the greatest common factor of 462 and 14709574.
22
What is the highest common factor of 107 and 414912937?
107
Calculate the greatest common divisor of 6715 and 5156525.
85
Calculate the greatest common factor of 204864 and 8481.
33
What is the greatest common divisor of 534147 and 19893?
57
Calculate the greatest common factor of 29979 and 58612276.
3331
What is the highest common divisor of 41992 and 265346?
362
What is the highest common factor of 40218 and 2418?
6
What is the highest common factor of 12502437 and 62520?
1563
Calculate the greatest common divisor of 17014 and 416326.
94
Calculate the greatest common factor of 84 and 4435512.
12
What is the highest common factor of 15333 and 1564235?
269
What is the highest common factor of 4159001 and 2233?
77
Calculate the greatest common factor of 616 and 288442.
154
What is the greatest common factor of 4431113 and 188?
47
Calculate the greatest common factor of 13061692 and 308.
28
What is the highest common divisor of 79650259 and 338?
13
What is the greatest common factor of 50848 and 36547?
1589
What is the highest common factor of 5769330 and 810495?
8715
Calculate the greatest common divisor of 8138 and 3493706.
626
Calculate the highest common factor of 433962 and 366.
6
Calculate the highest common divisor of 2536 and 16357.
1
Calculate the greatest common factor of 272 and 4256752.
16
What is the greatest common divisor of 364363974 and 702?
702
Calculate the highest common divisor of 3468 and 97491260.
1156
Calculate the highest common divisor of 33554 and 29474540.
1766
What is the highest common factor of 8 and 22097784?
8
Calculate the greatest common factor of 3 and 19433968.
1
Calculate the highest common divisor of 20104410 and 90.
30
What is the highest common factor of 4088800 and 1824?
608
Calculate the greatest common factor of 24176999 and 44.
11
What is the greatest common divisor of 9275 and 1389815?
35
What is the greatest common factor of 1738 and 150947038?
1738
What is the highest common factor of 644781547 and 818?
409
What is the highest common divisor of 55 and 455037?
11
Calculate the highest common factor of 935 and 4802585.
85
What is the highest common divisor of 17543617 and 3822?
637
What is the greatest common divisor of 2071334 and 230?
46
What is the highest common divisor of 48565548 and 81?
27
Calculate the highest common divisor of 14 and 60528538.
14
What is the greatest common factor of 1403188 and 3774?
74
What is the greatest common divisor of 135446 and 104?
2
Calculate the greatest common divisor of 437 and 4069781.
437
What is the greatest common divisor of 416583 and 1017063?
3753
Calculate the greatest common divisor of 29763125 and 5000.
625
Calculate the highest common divisor of 67 and 102311814.
67
Calculate the highest common divisor of 481 and 1046630.
13
Calculate the highest common divisor of 18615336 and 16.
8
What is the greatest common factor of 2241 and 386874?
9
Calculate the greatest common factor of 1631626 and 391.
17
Calculate the highest common divisor of 21527 and 1832473.
103
What is the highest common divisor of 10957969 and 1711?
29
What is the highest common factor of 725 and 147726?
29
Calculate the highest common factor of 11684 and 21336.
508
Calculate the greatest common factor of 1794400 and 15200.
800
What is the greatest common factor of 27000 and 11543580?
540
Calculate the greatest common divisor of 49294865 and 7935.
2645
What is the greatest common factor of 1344 and 636105?
3
Calculate the greatest common factor of 2583 and 84303216.
369
What is the greatest common factor of 32 and 2826500464?
16
What is the greatest common factor of 2232313875 and 341?
341
Calculate the greatest common factor of 5528 and 8790902.
1382
What is the greatest common divisor of 747362 and 38318?
322
Calculate the highest common factor of 933 and 153311493.
933
Calculate the greatest common divisor of 306228 and 1005660.
1812
Calculate the greatest common divisor of 39636 and 776572.
1468
Calculate the highest common factor of 4719 and 48984672.
363
What is the highest common divisor of 3253830 and 70?
10
Calculate the greatest common divisor of 764 and 101204.
4
What is the highest common factor of 38759 and 518105?
791
Calculate the highest common factor of 